n 106412119 is divided by 1092?
1087
What is the remainder when 14117273 is divided by 480?
473
What is the remainder when 105503 is divided by 221?
86
What is the remainder when 2059227 is divided by 686?
541
Calculate the remainder when 36536844 is divided by 40.
4
What is the remainder when 362542832 is divided by 181271415?
2
What is the remainder when 290126758 is divided by 476?
474
Calculate the remainder when 366282356 is divided by 5580.
5576
What is the remainder when 119930 is divided by 3668?
2554
What is the remainder when 375961796 is divided by 527?
523
Calculate the remainder when 7823015 is divided by 1263.
1256
What is the remainder when 111815694 is divided by 5?
4
Calculate the remainder when 858258 is divided by 142975.
408
What is the remainder when 29317677 is divided by 1890?
1887
Calculate the remainder when 43031644 is divided by 118.
112
What is the remainder when 3446805 is divided by 23?
2
What is the remainder when 36338 is divided by 6716?
2758
Calculate the remainder when 387764 is divided by 14355.
179
Calculate the remainder when 546714 is divided by 109340.
14
What is the remainder when 56735 is divided by 13815?
1475
Calculate the remainder when 59964868 is divided by 849.
847
What is the remainder when 90421027 is divided by 1970?
1967
What is the remainder when 13251149 is divided by 64015?
44
Calculate the remainder when 1299976 is divided by 212.
204
Calculate the remainder when 17471 is divided by 17471.
0
Calculate the remainder when 153213725 is divided by 1587.
1571
What is the remainder when 1322830 is divided by 1322778?
52
Calculate the remainder when 5111919 is divided by 76.
7
What is the remainder when 106032 is divided by 20973?
1167
Calculate the remainder when 1026349594 is divided by 108.
106
Calculate the remainder when 2271986 is divided by 355.
341
Calculate the remainder when 7673466 is divided by 3836673.
120
Calculate the remainder when 18659856 is divided by 84.
12
What is the remainder when 2073484 is divided by 82939?
9
Calculate the remainder when 16772950 is divided by 36.
10
What is the remainder when 77796780 is divided by 590?
560
Calculate the remainder when 8165012 is divided by 160098.
14
Calculate the remainder when 869132334 is divided by 367.
365
Calculate the remainder when 215034 is divided by 205.
194
Calculate the remainder when 236833 is divided by 573.
184
Calculate the remainder when 900910 is divided by 1569.
304
Calculate the remainder when 119077 is divided by 2221.
1364
What is the remainder when 381901 is divided by 2870?
191
Calculate the remainder when 2870825 is divided by 9968.
41
What is the remainder when 35768 is divided by 389?
369
What is the remainder when 24792885 is divided by 13?
0
Calculate the remainder when 2804472 is divided by 140223.
12
What is the remainder when 140429 is divided by 74?
51
Calculate the remainder when 2574296 is divided by 52533.
179
Calculate the remainder when 12176114 is divided by 724.
606
What is the remainder when 84371434 is divided by 1370?
1354
Calculate the remainder when 398883791 is divided by 13116.
13115
What is the remainder when 37619392 is divided by 7?
6
What is the remainder when 116144 is divided by 716?
152
What is the remainder when 16169494 is divided by 4042348?
102
What is the remainder when 8135599 is divided by 343?
325
Calculate the remainder when 29284790 is divided by 9.
5
What is the remainder when 367993 is divided by 3856?
1673
What is the remainder when 7227 is divided by 3055?
1117
What is the remainder when 30720 is divided by 461?
294
What is the remainder when 214060 is divided by 103?
26
Calculate the remainder when 546162 is divided by 109.
72
What is the remainder when 25758 is divided by 2878?
2734
Calculate the remainder when 218398566 is divided by 46.
42
What is the remainder when 267513 is divided by 597?
57
What is the remainder when 103434590 is divided by 776?
774
What is the remainder when 22058370 is divided by 50?
20
Calculate the remainder when 703672 is divided by 2085.
1027
Calculate the remainder when 21089205 is divided by 8514.
27
Calculate the remainder when 152554 is divided by 555.
484
Calculate the remainder when 1124761 is divided by 3152.
2649
Calculate the remainder when 247093905 is divided by 215.
210
Calculate the remainder when 440243683 is divided by 24.
19
What is the remainder when 2703509 is divided by 837?
836
Calculate the remainder when 51995 is divided by 51591.
404
Calculate the remainder when 28051915 is divided by 260.
255
Calculate the remainder when 3270086 is divided by 817521.
2
Calculate the remainder when 1392008 is divided by 54.
50
What is the remainder when 318926 is divided by 5905?
56
Calculate the remainder when 926789 is divided by 3549.
500
What is the remainder when 5250737 is divided by 357?
338
Calculate the remainder when 3107315 is divided by 26331.
257
What is the remainder when 649449 is divided by 859?
45
Calculate the remainder when 1128092 is divided by 1556.
1548
What is the remainder when 20635244 is divided by 24334?
12
What is the remainder when 21652 is divided by 8920?
3812
Calculate the remainder when 168299 is divided by 295.
149
What is the remainder when 17963 is divided by 7988?
1987
What is the remainder when 2118810 is divided by 332?
318
What is the remainder when 121835 is divided by 24364?
15
What is the remainder when 424109979 is divided by 4970?
4969
Calculate the remainder when 7610002 is divided by 54.
52
What is the remainder when 5064056 is divided by 8511?
11
Calculate the remainder when 64767 is divided by 18459.
9390
What is the remainder when 956484 is divided by 122?
4
Calculate the remainder when 6817599 is divided by 1704398.
7
What is the remainder when 80210 is divided by 80193?
17
Calculate the remainder when 120767 is divided by 167.
26
What is the remainder when 1493622 is divided by 535?
437
What is the remainder when 673971 is divided by 608?
307
What is the remainder when 237867 is divided by 1775?
17
Calculate the remainder when 7522343 is divided by 8.
7
What is the remainder when 4092925 is divided by 490?
445
What is the remainder when 211375 is divided by 5703?
364
What is the remainder when 367109 is divided by 1431?
773
Calculate the remainder when 1051187 is divided by 4043.
7
What is the remainder when 802790 is divided by 79?
71
What is the remainder when 168009083 is divided by 127?
21
What is the remainder when 42981 is divided by 6127?
92
Calculate the remainder when 1077753 is divided by 1676.
85
Calculate the remainder when 46886393 is divided by 5127.
5105
What is the remainder when 10350934 is divided by 664?
502
What is the remainder when 1208505 is divided by 52542?
39
What is the remainder when 1984209 is divided by 992086?
37
Calculate the remainder when 4503874 is divided by 40.
34
What is the remainder when 22520817 is divided by 1054?
1053
Calculate the remainder when 12229423 is divided by 925.
923
Calculate the remainder when 56729308 is divided by 3123.
13
What is the remainder when 3854177 is divided by 112?
33
What is the remainder when 573944746 is divided by 3372?
3370
What is the remainder when 5679721 is divided by 134?
131
Calculate the remainder when 523727 is divided by 21.
8
Calculate the remainder when 1090536 is divided by 272633.
4
Calculate the remainder when 47368009 is divided by 606.
19
What is the remainder when 1720135637 is divided by 2122?
2119
Calculate the remainder when 248140 is divided by 1687.
151
What is the remainder when 61576227 is divided by 155?
152
Calculate the remainder when 6744152 is divided by 11.
8
What is the remainder when 391150 is divided by 391105?
45
Calculate the remainder when 4473 is divided by 4314.
159
What is the remainder when 113794555 is divided by 160?
155
Calculate the remainder when 10267800 is divided by 103.
39
What is the remainder when 589071 is divided by 4091?
4058
What is the remainder when 5406337 is divided by 397?
388
Calculate the remainder when 231728 is divided by 183.
50
Calculate the remainder when 194040 is divided by 494.
392
What is the remainder when 46755399 is divided by 100?
99
Calculate the remainder when 3198817 is divided by 355347.
694
Calculate the remainder when 43060